92306?
2
What is the ten thousands digit of 238529555?
2
What is the ten thousands digit of 180673006?
7
What is the ten millions digit of 471354205?
7
What is the hundred thousands digit of 7336852121?
8
What is the ten millions digit of 143361710?
4
What is the hundred millions digit of 452850500?
4
What is the thousands digit of 7847559638?
9
What is the units digit of 538796615?
5
What is the thousands digit of 4866559833?
9
What is the units digit of 36614297?
7
What is the hundreds digit of 118280400?
4
What is the tens digit of 47152323?
2
What is the thousands digit of 657255036?
5
What is the millions digit of 1040232670?
0
What is the thousands digit of 2610586203?
6
What is the millions digit of 471029001?
1
What is the ten thousands digit of 2641412805?
1
What is the millions digit of 1430945050?
0
What is the tens digit of 47398896?
9
What is the hundred millions digit of 535266520?
5
What is the thousands digit of 31203938?
3
What is the hundred thousands digit of 38611477?
6
What is the tens digit of 807785351?
5
What is the millions digit of 2773852000?
3
What is the ten millions digit of 82510790?
8
What is the hundred thousands digit of 56576268?
5
What is the units digit of 5235843932?
2
What is the hundreds digit of 34910702?
7
What is the units digit of 247459768?
8
What is the millions digit of 13272819?
3
What is the hundreds digit of 17093495?
4
What is the tens digit of 43394403?
0
What is the ten thousands digit of 16715875?
1
What is the tens digit of 3058594680?
8
What is the ten thousands digit of 504922133?
2
What is the tens digit of 304406171?
7
What is the hundred thousands digit of 1174917925?
9
What is the tens digit of 569356089?
8
What is the ten thousands digit of 100675564?
7
What is the hundreds digit of 7598196529?
5
What is the thousands digit of 964140334?
0
What is the units digit of 4910378?
8
What is the millions digit of 73785487?
3
What is the units digit of 291993?
3
What is the hundred thousands digit of 427091720?
0
What is the tens digit of 118532941?
4
What is the ten millions digit of 46573505?
4
What is the thousands digit of 29058040?
8
What is the ten thousands digit of 50385592?
8
What is the millions digit of 9494700?
9
What is the ten millions digit of 46797125?
4
What is the units digit of 103317421?
1
What is the hundred thousands digit of 34438958?
4
What is the thousands digit of 1068348912?
8
What is the hundred millions digit of 5169636761?
1
What is the hundreds digit of 2854172673?
6
What is the billions digit of 1167860161?
1
What is the millions digit of 18213766?
8
What is the hundreds digit of 430805585?
5
What is the thousands digit of 112932574?
2
What is the hundreds digit of 16555971?
9
What is the thousands digit of 1532744512?
4
What is the tens digit of 486336591?
9
What is the tens digit of 198208310?
1
What is the hundreds digit of 46522129?
1
What is the tens digit of 5491184881?
8
What is the thousands digit of 2064308654?
8
What is the hundred thousands digit of 4079601?
0
What is the hundreds digit of 297451360?
3
What is the units digit of 2149773809?
9
What is the hundreds digit of 11564955?
9
What is the hundred millions digit of 4888568546?
8
What is the hundred thousands digit of 69849949?
8
What is the millions digit of 796857450?
6
What is the hundred millions digit of 1800404350?
8
What is the hundred thousands digit of 55088862?
0
What is the millions digit of 15509224?
5
What is the ten thousands digit of 121863930?
6
What is the tens digit of 2101126781?
8
What is the hundred thousands digit of 9347956?
3
What is the tens digit of 281883485?
8
What is the billions digit of 1090605916?
1
What is the hundreds digit of 1875015500?
5
What is the thousands digit of 127062142?
2
What is the hundreds digit of 598340727?
7
What is the hundreds digit of 2291332759?
7
What is the hundred millions digit of 366269048?
3
What is the thousands digit of 343262567?
2
What is the units digit of 2750472?
2
What is the hundred millions digit of 7867240260?
8
What is the hundred millions digit of 585407448?
5
What is the hundred millions digit of 2725953293?
7
What is the units digit of 45941413?
3
What is the tens digit of 18318105?
0
What is the ten millions digit of 720919738?
2
What is the tens digit of 482051986?
8
What is the tens digit of 117664067?
6
What is the billions digit of 2137889497?
2
What is the ten thousands digit of 2249154391?
5
What is the thousands digit of 51742731?
2
What is the millions digit of 563302889?
3
What is the ten thousands digit of 40238770?
3
What is the units digit of 653025173?
3
What is the tens digit of 273914167?
6
What is the millions digit of 156223428?
6
What is the millions digit of 59488080?
9
What is the millions digit of 69153604?
9
What is the ten thousands digit of 3966849?
6
What is the thousands digit of 912333094?
3
What is the ten thousands digit of 39621378?
2
What is the hundreds digit of 108972730?
7
What is the ten thousands digit of 334250093?
5
What is the hundred millions digit of 432259807?
4
What is the thousands digit of 253949137?
9
What is the ten millions digit of 76260385?
7
What is the millions digit of 172491531?
2
What is the millions digit of 106917591?
6
What is the units digit of 155678898?
8
What is the hundreds digit of 175450708?
7
What is the millions digit of 29748227?
9
What is the hundred millions digit of 831717105?
8
What is the hundreds digit of 1495979015?
0
What is the ten millions digit of 229347924?
2
What is the hundred millions digit of 3468124228?
4
What is the hundreds digit of 111941998?
9
What is the tens digit of 20957141?
4
What is the ten thousands digit of 1029616901?
1
What is the ten millions digit of 22521947?
2
What is the hundreds digit of 413813360?
3
What is the millions digit of 63486650?
3
What is the ten thousands digit of 278462445?
6
What is the units digit of 171659253?
3
What is the thousands digit of 1436208452?
8
What is the thousands digit of 28746983?
6
What is the units digit of 1896705074?
4
What is the ten millions digit of 209477078?
0
What is the hundred thousands digit of 52391279?
3
What is the ten millions digit of 56902533?
5
What is the millions digit of 35860414?
5
What is the thousands digit of 196292171?
2
What is the ten millions digit of 1913371396?
1
What is the hundred thousands digit of 12754634?
7
What is the hundreds digit of 906061693?
6
What is the hundreds digit of 282069812?
8
What is the ten millions digit of 31790282?
3
What is the tens digit of 56110086?
8
What is the millions digit of 44821571?
4
What is the thousands digit of 61778481?
8
What is the hundred thousands digit of 1086112278?
1
What is the ten millions digit of 363844721?
6
What is the millions digit of 1609308725?
9
What is the millions digit of 1955770971?
5
What is the ten millions digit of 293345631?
9
What is the hundred thousands digit of 70438886?
4
What is the units digit of 6988286220?
0
What is the hundred millions digit of 392070591?
3
What is the thousands digit of 1789425537?
5
What is the thousands digit of 27466967?
6
What is the ten thousands digit of 2971247918?
4
What is the ten thousands digit of 12406056?
0
What is the hundred thousands digit of 6797134567?
1
What is the units digit of 46232287?
7
What is the hundreds digit of 1703649663?
6
What is the ten thousands digit of 1391003063?
0
What is the units digit of 352470662?
2
What is the ten thousands digit of 90665194?
6
What is the units digit of 148368967?
7
What is the ten millions digit of 95821972?
9
What is the billions digit of 1324883141?
1
What is the units digit of 53577301?
1
What is the thousands digit of 98348607?
8
What is the hundreds digit of 9382352?
3
What is the hundred thousands digit of 177785177?
7
What is the hundreds digit of 32283255?
2
What is the ten millions digit of 52599007?
5
What is the hundreds digit of 1115585523?
5
What is the billions digit of 2695502681?
2
What is the millions digit of 2660723245?
0
What is the units digit of 628342648?
8
What is the hundred thousands digit of 20820622?
8
What is the tens digit of 4372761?
6
What is the millions digit of 4945269887?
5
What is the hundred thousands digit of 4592698952?
6
What is the ten millions digi